 67 is divided by z?
13
Suppose 0 = -c - 2*d + 5 - 1, 0 = -4*c + d - 2. Let m = c - 0. Suppose 0 = -m*p - p + 31. Calculate the remainder when p is divided by 16.
15
Suppose 5*k - 17 - 58 = 0. Let n = -11 + 68. Calculate the remainder when n is divided by k.
12
Let z = -32 - -70. Calculate the remainder when 75 is divided by z.
37
Suppose -5*s + 30 = 3*w + 5, -20 = -4*w. Suppose s*r - 2 = r. Suppose 3*x + 3*f = r*x + 25, 2*x - 10 = 4*f. Calculate the remainder when 24 is divided by x.
11
Suppose -o = -5 + 1. Let z = -1 + o. Suppose 4*p + 2*m + 0*m = 10, m = -1. What is the remainder when p is divided by z?
0
Let f = 53 - 40. Calculate the remainder when f is divided by 4.
1
Let y = 19 + -12. Let o(l) = 4*l - 17. Calculate the remainder when 21 is divided by o(y).
10
Suppose 5*s + 42 = 2*r, 5*r - 7*s = -2*s + 90. Calculate the remainder when 26 is divided by r.
10
Let x = 15 + -15. Let a(y) = 2 + 3*y**2 + 6 + y - 2*y**2. Calculate the remainder when 23 is divided by a(x).
7
Let s = 1 - 0. Let r = 6 - 4. Suppose -r*j + 2 = -0*j. What is the remainder when j is divided by s?
0
Suppose -2*h - 2 = 2*t, 0 = 2*t + 7*h - 2*h + 17. What is the remainder when 4/2 + (-3 - -7) + 6 is divided by t?
0
Suppose -3*b + 9 = 0, 0*q + 69 = q + b. What is the remainder when q is divided by 34?
32
Suppose -3*u + 0*u = 27. Let t = 19 + u. Suppose -4 = -s + t. What is the remainder when s is divided by 8?
6
Let c be 3/9 - (-377)/3. Let t = -57 + c. Suppose -33 = -2*u + g, 2*u - 2*g - 2*g = 24. What is the remainder when t is divided by u?
15
Suppose -5*h + 4*d + 63 = 0, -2*d - 5 = -2*h + 21. What is the remainder when 41 is divided by h?
8
Suppose -2*r + 8 = 4*m, -4*m + 24 = 5*r - 2. Suppose -4*s + r = -q - 0, -2*s + 52 = 3*q. Calculate the remainder when 40 is divided by q.
12
What is the remainder when 16 is divided by 15/2*28/42?
1
Suppose 5*t - 57 = 128. Suppose -3*w + 12 = 3*f + 72, 4*f = 4*w + 120. Let h = 35 + w. Calculate the remainder when t is divided by h.
7
Let u = 5 + -9. Let h be (-2 - 0)*6/u. Suppose 61 = h*l - 35. Calculate the remainder when l is divided by 17.
15
Calculate the remainder when (-1535)/(-25) + (-9)/(-15) is divided by ((-52)/(-6))/(2/3).
10
Suppose -405 = -9*q + 162. What is the remainder when q is divided by 32?
31
Let c(k) = -13*k**3 + k**2 - 1. Calculate the remainder when (-2*(2 - 1) - -3)*37 is divided by c(-1).
11
Suppose 0 = 3*r - 32 - 235. Calculate the remainder when r is divided by 13.
11
Suppose 4*k = 14 - 2. Calculate the remainder when 11 is divided by k.
2
Let m = 0 - -4. Suppose 5*k - 1 + 26 = 0, 0 = -4*p - 2*k + 18. What is the remainder when p is divided by m?
3
Calculate the remainder when 36 is divided by 39/((-9)/3)*(-1)/1.
10
Suppose 3*g - 3*a - 96 = -2*a, -4*g - 5*a + 128 = 0. What is the remainder when 159 is divided by g?
31
Let x(m) = m - 8. Suppose o - 5*o = -20. Suppose 2*i = 8*a - 4*a - 8, 0 = -5*a + o*i. Calculate the remainder when a is divided by x(11).
1
Suppose 5*l = 2*z + 177, l - 64 + 11 = -4*z. What is the remainder when l is divided by 19?
18
Let l(z) = 561*z - 55. Let v(y) = 40*y - 4. Let a(b) = 4*l(b) - 55*v(b). What is the remainder when a(1) is divided by 12?
8
Suppose 9*a = 4*a + 115. Calculate the remainder when a is divided by 5.
3
Suppose 2*l + 28 = 4*l - 3*d, 5*l - 2*d - 81 = 0. Calculate the remainder when 82 is divided by l.
14
Suppose -4*p = -2*p - 44. Calculate the remainder when p is divided by 1 - -2*(28/8 + 2).
10
Calculate the remainder when -2 - 66/(-4) - (-2)/(-4) is divided by 6.
2
Suppose 31 = 5*a - 3*m, 29 = 3*a + a - m. Calculate the remainder when 20 is divided by a.
4
Let f = 7 + -5. Suppose 0*v = -4*x + 2*v + 64, 5*x - 78 = f*v. Calculate the remainder when ((-16)/(-5))/((-2)/(-25)) is divided by x.
12
Let p = -113 + 163. Calculate the remainder when p is divided by 13.
11
Let y = -9 + 37. Suppose 3*f + 2*q - 19 = y, -2*f + 3*q = -53. What is the remainder when f is divided by -3*(16/(-3) + 2)?
9
Let q(u) = u**2 + 2*u - 2. Let c be q(2). What is the remainder when (3/c)/(3/438) is divided by 19?
16
Let h = -9 - -12. Let q be -9*(-3 - (-8)/h). Suppose -3*d + 5*f + 316 = d, 210 = 3*d + q*f. Calculate the remainder when d is divided by 25.
24
Let s(i) = -2*i**2 - 12*i + 19. What is the remainder when (-19)/(1*(-3 - -2)) is divided by s(-7)?
4
Let s = 32 - 19. Suppose -1 = 4*h + 5*q - 90, 0 = -4*h + 2*q + 54. Let i = -9 + h. What is the remainder when s is divided by i?
6
Let b(j) = j**3 - 5*j**2 - 4*j + 9. Let q(a) = a - 4. Let u be q(10). What is the remainder when 41 is divided by b(u)?
20
Suppose 5*a + 2*t - 69 = 0, -t = a - 0*t - 15. Suppose z - 2 = -2*f - 3*f, -4*z - 4*f = -8. What is the remainder when a is divided by z/(-4)*(-10)/1?
3
Let m = 3 + 6. Let h(p) = -p**3 + 8*p**2 + 8*p + 13. Calculate the remainder when h(m) is divided by 2.
0
Suppose -2*y + 2*s = 2, 8*y - 4*s + 1 = 3*y. What is the remainder when 10 is divided by y?
1
Let t = 560 - 1810. Calculate the remainder when t/(-15) - (-1)/(-3) is divided by (-14)/(-3)*9/2.
20
Suppose -2*u + 8 + 22 = 0. Calculate the remainder when 57 is divided by u.
12
Suppose -2*y = -3*m + 45, m = -3*y - 0*y + 15. Calculate the remainder when m is divided by 9.
6
Let s = 33 - 8. Calculate the remainder when 46 is divided by s.
21
Let q = 66 - 35. Let t = q + -9. Calculate the remainder when t is divided by 12.
10
Let i = 23 + -9. What is the remainder when 69 is divided by i?
13
Suppose -d = c - 165, -2*d + 340 = c - 4*c. What is the remainder when d is divided by 12?
11
Let r = -20 - -30. Calculate the remainder when 2/(-4) + 31/2 is divided by r/4*32/10.
7
Suppose 5*p - 248 = -5*o - 63, 0 = 2*o - 3*p - 94. What is the remainder when 81 is divided by o?
40
Suppose 84 = 4*f - 0*j - 2*j, -5*f - j + 119 = 0. Suppose 267 = 4*u - v, 2*u - 4*v = -6*v + 126. What is the remainder when u is divided by f?
20
Let s = 73 - 35. What is the remainder when s is divided by (40/6)/(14/21)?
8
Let y = 4 + -3. Calculate the remainder when (-3)/6 + 6/4 is divided by y.
0
Calculate the remainder when ((-4)/(-3))/((-6)/(-153)) is divided by 12.
10
Let l(r) = 25*r**3 - r**2 + r. What is the remainder when l(1) is divided by (-9)/18*-26*1?
12
Suppose -4*c + 6 = d, d - 6 = -c - c. Let t(r) = -r**3 + 13*r**2 + 2*r - 5. What is the remainder when t(13) is divided by d?
3
Suppose 0 = 10*z - 12*z + 74. Calculate the remainder when z is divided by 15 + -1 + 1/(-1).
11
Let s = 48 + -42. What is the remainder when 12 is divided by s?
0
Let b = -8 + 11. What is the remainder when 9 is divided by b?
0
Suppose -6*a + 3*a = 9. What is the remainder when (a - -4) + (-19)/(-1) is divided by 11?
9
Let m(g) = -19*g - 5. Let z be m(-8). Let j = z - 105. Calculate the remainder when j is divided by 9.
6
Suppose 4*b - 4*o - 16 = 0, -2*o + 20 = 3*o. Let f = b + 4. What is the remainder when 34 is divided by f?
10
Let t(z) = -3*z + 2. Let r(j) = -3*j + 1. Let b be r(-2). Let u be t(b). Let x = u + 30. What is the remainder when x is divided by 6?
5
Suppose -5*r - 33 - 57 = -x, -5*x + 5*r = -450. Let s(j) = j**2 + 3*j + 18. What is the remainder when s(-8) is divided by ((-1)/3)/((-2)/x)?
13
Let x(y) = 0*y**2 - 6*y + 20 - 19 - 6*y**2 - y**3. Calculate the remainder when 11 is divided by x(-5).
5
Let p be 267/18 - (-1)/6. Let b = -7 + p. Calculate the remainder when 29 is divided by b.
5
Let b(r) = -2*r**2 - 7*r + 1. Let g(t) = -t**2 - 6*t. Let z be g(-6). Suppose k + z*k - 6 = 0. Calculate the remainder when k is divided by b(-3).
2
Let g be (-2)/(-3)*(13 - 7). Suppose g*n = 85 - 25. Calculate the remainder when 43 is divided by n.
13
Let w(s) = 2*s**2 - 8*s + 6. Let n be w(6). Let f = -17 + n. Suppose 2*t - 24 = t. Calculate the remainder when t is divided by f.
11
Suppose 0 = -3*y + 10 + 86. Let f = -17 + y. Calculate the remainder when 59 is divided by f.
14
Let g(q) = -2*q**2 + q + 4. Let w be g(3). Let y = w + 20. Calculate the remainder when 25 is divided by y.
7
Calculate the remainder when 63 is divided by 5/3*(-108)/(-30).
3
Suppose -3 - 47 = -5*l. What is the remainder when 49 is divided by l?
9
Let c(y) be the third derivative of -y**6/120 - 7*y**5/60 - 5*y**4/12 - 4*y**3/3 - y**2. What is the remainder when 45 is divided by c(-6)?
13
Suppose -5*w = 5*u + 30